me factors of c.
3, 7, 11, 19
Let g = 6348 - 4347. List the prime factors of g.
3, 23, 29
Let b(c) = -c**2 - 10*c - 19. Let m be b(-7). Suppose -m*r = -4*r + 728. List the prime factors of r.
2, 7, 13
Let m(u) = -u**2 - 3*u + 18. Let n be m(-6). Suppose v + 257 = 4*t - n*v, -3*v + 253 = 4*t. List the prime factors of t.
2
Suppose 0 = 2*b + 5*l + 26 + 1, -4*b + 2*l - 66 = 0. Let r(d) = 7 + 12*d - 15*d**2 - 4*d**3 + 3*d**3 + 6. What are the prime factors of r(b)?
7, 11
List the prime factors of (333 - 324)*(-102380)/(-18).
2, 5, 5119
Let l = 12419 - 7773. Suppose 4*m + 1278 = 2*a, -5*a - m + l = 1396. List the prime factors of a.
11, 59
Suppose 5*n + 9122 - 462738 = -11*n. List the prime factors of n.
28351
Suppose -a + 7995 = 12*a. Let q = -1031 + a. List the prime factors of q/(-6) + (-4)/(-6).
2, 5, 7
Let i(a) = -2*a - 29. Let r be i(-33). Let m be 332/8 - -3*1/(-2). Let q = m + r. What are the prime factors of q?
7, 11
Suppose -44697 = -3*v - 3*k + 16533, k + 6 = 0. List the prime factors of v.
2, 11, 29
Suppose 76*n - 98*n + 318263 = -332013. List the prime factors of n.
2, 14779
Suppose -5262 = 278*y - 272*y. Let j = y - -1700. List the prime factors of j.
823
List the prime factors of 1 - ((3 - (5358 + -4)) + 6).
2, 3, 11
Let q = 111 + -79. Let f = -59 + q. Let m = 55 + f. List the prime factors of m.
2, 7
Let j be (88/(-99)*-3)/(4/2202). Suppose -10*f + j + 122 = 0. List the prime factors of f.
3, 53
Suppose 6*w + 254 = -46. List the prime factors of -1*(-3 - w)*-2.
2, 47
Let d be -1 - -1 - (-7)/((-21)/(-12)). Let p be d/2 + (1 - 3). Suppose p = -7*z + 4*z + 315. What are the prime factors of z?
3, 5, 7
Let v be (0 - -7) + 0 + 5 + -5. What are the prime factors of v + 7 + -12 + 266?
2, 67
Let f(b) = b**2 + 5*b - 4. Let n be f(-6). Let d(s) = -306 + 153 + 3*s + 18*s**2 + 4*s**2 + 150. List the prime factors of d(n).
7, 13
Let r be (2*2/(-6))/(9/(-54)). Suppose 0 = r*y - 17*y + 8216. List the prime factors of y.
2, 79
Suppose 147*c + 2*o = 152*c - 87792, -4*c + 70227 = 5*o. What are the prime factors of c?
2, 8779
Let j(m) = -3*m**3 + 5*m**2 + 5*m + 4. Let c be j(-2). Let k = c + -30. Suppose -13*n = -k*n - 1495. What are the prime factors of n?
13, 23
Suppose s - 6 - 6 = 0. Suppose 4*y - 8 = -m - 25, 3*y + m = -s. Let f = y + 29. What are the prime factors of f?
2, 3
Let l(i) = 7*i + 16. Suppose 29 = 3*j + 5. What are the prime factors of l(j)?
2, 3
Suppose -5*a + 205 + 95 = 0. Suppose 4*j + 5*o = 84, -o + 2*o = 4*j - a. Suppose 150 = 2*i - j. List the prime factors of i.
83
Let a = 6434 + 6752. List the prime factors of a.
2, 19, 347
Let x = 33503 - -12802. What are the prime factors of x?
3, 5, 7
Let x be (0 + -234)/((-20)/(-40)). Let s = -57 - x. What are the prime factors of s?
3, 137
Let k(v) = 1984*v**2 - 1823*v. List the prime factors of k(7).
5, 7, 19, 127
Let n(g) = 22*g + 219. Let m be n(-10). List the prime factors of (-3)/m*(-12404)/(-42).
2, 443
Let b be 33/(-39) + 10/(-65). Let u be b/(-2)*(-42)/(-3). What are the prime factors of 513/u + (-6)/21?
73
Let i = -23 - -22. What are the prime factors of (-267 - 4/(-2))/i?
5, 53
Suppose -4*s = j + 377 - 4, 1170 = -3*j + 5*s. Let a = j - -1730. What are the prime factors of a?
5, 269
Let j = 39 - 36. Suppose -6*v + 3*v = 4*o - 23, 0 = 5*o + j*v - 25. Suppose 0 = -o*f + 2*s + 214, f - 3*s - 126 = -13. What are the prime factors of f?
2, 13
Let x(c) = 8*c**2 - c. Let g be x(-5). Suppose -1725 = 12*p + 3*p. Let b = p + g. List the prime factors of b.
2, 3, 5
Let k(u) = 53*u**3 + u**2 - u - 3. Let j be k(-2). Let b = -64 + -231. Let v = b - j. List the prime factors of v.
2, 3, 7
Let x = -12 + 19. Suppose 0 = -x*f + 2560 - 173. What are the prime factors of f?
11, 31
Let s(o) = 42*o**3 - 14*o**2 + 50*o - 2. List the prime factors of s(6).
2, 11, 13, 31
What are the prime factors of 4053 - (-36)/((-12)/2) - (7 + -2)?
2, 43, 47
Let i = -380 + -1503. Let r = -664 - i. List the prime factors of r.
23, 53
Suppose -1305 = s - 1311. Suppose 0 = -4*i - s*b + 4*b + 104, -2*i - 2*b = -50. List the prime factors of i.
3
Suppose -2 = -i, 4*k - 4*i - 1155 = 4833. Suppose 4*s - k = 5*h, 0 = -3*h - 1 + 16. What are the prime factors of s?
3, 127
Let z(l) = -707*l**3 - 11*l**2 - 12*l + 32. List the prime factors of z(-4).
2, 17, 83
Let f be 374/306 + ((-21)/(-27) - 1). Let a(c) be the third derivative of 47*c**6/120 + c**5/60 + c**4/24 - c**3/3 + c**2. What are the prime factors of a(f)?
47
Let t(a) = 26*a**2 + 103*a + 2110. List the prime factors of t(-25).
5, 7, 11, 41
Let b = -682 + 351. Let g = b - -555. List the prime factors of g.
2, 7
Let r(b) be the first derivative of -85*b**2 - 16*b - 68. List the prime factors of r(-1).
2, 7, 11
List the prime factors of 612/(-510) + (-1923)/(-15).
127
Let n(d) = 6*d**2 - 60*d + 33. Let q(t) = 14*t**2 - 121*t + 65. Let s(l) = 5*n(l) - 2*q(l). List the prime factors of s(35).
5, 7, 13
Let f = -887 + 877. Let t(n) = -11 - 4*n - 5 - 9. What are the prime factors of t(f)?
3, 5
Suppose 38244 + 5828 = 3*x - 48103. What are the prime factors of x?
5, 1229
Let c = 1339 + 2006. Let g = c - 2183. What are the prime factors of g?
2, 7, 83
Suppose 11 = 2*v + 3. Suppose 29 = 13*a - 23. Suppose -t + 5*j = j - 29, 104 = a*t - v*j. List the prime factors of t.
5
Suppose -364 = -5*z - 109. Let d be z/6*(-2 + (-36)/(-3)). Let h = 143 - d. List the prime factors of h.
2, 29
Suppose 94*j - 89*j = -15, 33272 = 2*p - 2*j. List the prime factors of p.
16633
Let y(v) = 7*v + v**3 + 6*v**2 - 25 + 8*v**2 + 10. Let p be y(-12). Suppose 2*g - p = r, 0 = -g - g + 3*r + 183. What are the prime factors of g?
2, 3
Let m(p) = -48*p**3 + 15*p**2 + 65*p - 54. What are the prime factors of m(-7)?
2, 5, 1669
Let o = 12 - 0. Let a be 0 - ((-1108)/o - 1)*3. Suppose 2*t = -5*t + a. List the prime factors of t.
2, 5
Let q(z) = 41 - 3*z + 33 - 79. Let b(y) = -y + 1. Let r be b(8). What are the prime factors of q(r)?
2
Suppose -2 + 1 = -3*q - p, -p - 1 = 2*q. Suppose 0 = 2*g + 4*d - 18, -3*g + 6*d - q*d = -17. Suppose -g*a + 282 = -789. List the prime factors of a.
3, 17
List the prime factors of 264818/20 + 0 - 22/(-220).
13241
Let v = 10882 - 3628. List the prime factors of v.
2, 3, 13, 31
Suppose -2*c = -9372 - 17713 - 14215. What are the prime factors of c?
2, 5, 7, 59
Suppose 4*l + 5*n - 182363 = 0, -3*n - 77718 = -2*l + 13425. What are the prime factors of l?
2, 3, 71, 107
Let g(k) be the second derivative of k**5/10 - k**4/12 + k**3/6 + 19*k**2/2 - k - 3. What are the prime factors of g(4)?
3, 5
Let h = 2 + -20. Let o(w) = -1841 + 1852 - 4*w + 2*w - 2*w. List the prime factors of o(h).
83
Let t = -6664 - -11283. List the prime factors of t.
31, 149
Suppose 0 = -4*n - 21 - 7. Let s(a) = -6*a + 44. Let z be s(n). Suppose 0 = 4*j - 5*d - 388, -d - z + 280 = 2*j. What are the prime factors of j?
97
Let u(q) = -q**3 - 3*q**2 - 4*q + 4. Let t be u(-5). Let r = t - 82. What are the prime factors of (12/r)/(-1)*316/3?
2, 79
Suppose -5*l + 119 - 79 = 0. Let x(j) = 2*j**2 - 5*j - 6. Let q be x(7). Suppose -7*o + l*o - q = 0. What are the prime factors of o?
3, 19
Suppose 2*n - 4 = -n - 4*l, 14 = 3*n - l. Suppose -n*a = a - 2795. What are the prime factors of a?
13, 43
Let j(t) = t**3 - 5*t**2 - 12*t - 12. Let l be j(7). Let o(q) = 4*q**2 + 644 - 625 - 6*q + 13*q**l. List the prime factors of o(4).
3, 89
Let p(l) = -l**2 + 7*l - 5. Let n be p(2). Let z(b) = 50*b**2 + 16*b - 1. List the prime factors of z(n).
3, 443
Let j(s) = 2*s**2 - 17*s - 32. Let n be j(-17). Let v = n + -451. List the prime factors of v.
2, 3
Suppose 0 = -3*g - 2*x + 5108, -3*g + 2955 = 4*x - 2149. Suppose 0*k = 2*k + g. List the prime factors of (1/2)/((-6)/k).
71
Suppose 0 = -3*d - l + 1978, l - 2637 = -d - 3*d. Let g = -314 + d. What are the prime factors of g?
3, 5, 23
Let p(a) = -4*a + 7. Let d(n) = -n**3 - 7*n**2 - 4*n + 12. Let f be d(-6). Let j be p(f). Suppose 17 = j*b + 3. What are the prime factors of b?
2
Let o = -38 - -42. Suppose o*w = -0*w + 420. Suppose 4*x - 3*d + w = 5*x, -x = -3*d - 93. List the prime factors of x.
3, 11
Let z(i) = 74*i**3 - i**2 - 4*i + 6. Let y be (-1)/1 - (20 - 19) - -4. What are the prime factors of z(y)?
2, 293
Suppose 3*u = 8*u + 20. Let k be (-1)/(u/(-80)*-2). List the prime factors of